v?
6
Suppose 0 = -733*c + 725*c + 40920. What is the tens digit of c?
1
Let d(g) = -125*g - 1330. What is the units digit of d(-23)?
5
Suppose 4*n = 16, -35*n + 16596 = 2*x - 32*n. What is the units digit of x?
2
Let y(u) = -75*u**3 + 5*u**2 + 44*u + 249. What is the units digit of y(-7)?
1
Let p be (26/(-65))/(1/10). Let o = -46 - p. Let n = 105 + o. What is the units digit of n?
3
Let b(w) = -11*w**2 - 8*w - 27. Let z be b(-5). Let c = -5 - z. What is the hundreds digit of c?
2
Let z = 281 - 266. Suppose -z*p - 3*p + 6516 = 0. What is the tens digit of p?
6
Let o be (-10)/(-20) - (-1575)/(-6). Let r = 89 - o. What is the units digit of r?
1
Let l = -861 - -1977. What is the tens digit of l?
1
Let g = 11927 + 16000. Let f be g/45 - 9/15. Suppose -27*k - f = -32*k. What is the tens digit of k?
2
Let y = -36805 + 50004. What is the ten thousands digit of y?
1
Let z = 500 - 312. Let s be (3 + -1)/(1/(-43)). Let f = z + s. What is the units digit of f?
2
Let u(x) = -16*x - 16. Suppose -4*l - 227 = -3*w, 6*l - 3*l = w - 69. Let i = w - 85. What is the units digit of u(i)?
8
What is the units digit of (10/(620/(-9083)))/((-1)/14)?
1
Let n be (-6)/(-8)*7/(35/220). Suppose 46*c - 18967 = n*c. What is the tens digit of c?
5
Let f(k) = -k**3 + 12 - 4*k**2 + 0*k**3 + 11*k**2. Suppose 530 = 106*m - 212. What is the units digit of f(m)?
2
Let h = 775 + -1391. Let d = 762 + h. What is the units digit of d?
6
Let c(r) = r**2 + 4*r + 1. Let g(i) = i**3 - 17*i**2 + 20*i - 36. Let s be g(16). Let v = -34 + s. What is the tens digit of c(v)?
1
Suppose -10*i + 13650 - 1790 = 0. Let g = 1879 - i. What is the units digit of g?
3
Let w = -104 + 110. What is the hundreds digit of (5 - w)/(6/(-726))?
1
Let n(p) = p**2 + 16*p - 14. Let g be n(-17). Suppose -5*f + 444 = g*j + 50, -5*j + 15 = 0. What is the tens digit of f?
7
Let y(f) = -f**2 - 9*f + 44. Let g(h) = -h**2 - 12*h - 23. Let n be g(-11). Let p be y(n). Let z(t) = -t**3 + 11*t**2 - 15*t. What is the units digit of z(p)?
2
Let n be 1/((-7)/21)*8/6. What is the units digit of (-6*(-2)/(-8))/(3/n)?
2
Let r(q) be the third derivative of 0*q + 39*q**2 - 20/3*q**3 + 2/3*q**4 + 0 - 1/60*q**5. What is the tens digit of r(11)?
1
Let k = 35530 - 22725. Suppose -9*f - 4*f = -k. What is the units digit of f?
5
Suppose -17*p - 10325 + 51229 = -55639. What is the thousands digit of p?
5
Let f(n) = n**3 - 20*n**2 - 18*n - 50. Let y be f(21). Suppose y*k = 368 + 4598. What is the hundreds digit of k?
3
Suppose 11*w = 619 + 404. Let r = 360 - w. What is the units digit of r?
7
Let v(w) be the first derivative of 5*w**3/3 + 5*w**2 - 2*w - 210. What is the hundreds digit of v(-13)?
7
What is the tens digit of (-1995000)/(-135) + 280/(-36) + 8?
7
Suppose h - 5*c = -3*h + 83, -3*c = 2*h - 69. Let s(a) = 9 - a**3 + h + 18*a**2 + 7. What is the units digit of s(18)?
3
Let b(q) = -3262*q**3 - q**2 + 24*q + 25. What is the hundreds digit of b(-1)?
2
Let x(u) = 10*u - 40. Let i(c) = -c**3 - 12*c**2 + c + 12. Let g be i(-12). Suppose t + 19 + g = 2*s, 5*t + 39 = 3*s. What is the units digit of x(s)?
0
Let q = -41 + 81. Suppose 4*u - 20 = -2*b, -5*b + q + 1 = u. Suppose -2*h = b, r - 2*h - 152 = -15. What is the hundreds digit of r?
1
Let f be 9*(-10)/105*-7 - 1. Let m(z) = 8*z - 4 + 2*z**3 + 2*z**3 - 3*z**3 - 5*z**2. What is the units digit of m(f)?
6
Let t(b) = 3067*b + 19. Let n be t(1). Suppose -23387 = -23*p + n. What is the tens digit of p?
5
Let g = 121 - 116. Suppose 493 = -g*k - l + 1283, 4*k + 3*l = 643. What is the hundreds digit of k?
1
Let q = 2703 - 1461. What is the hundreds digit of q?
2
Suppose -3*h = -h - 1408. Suppose 0 = 4*k + u - 79, -u - 4 = k + 4*u. Suppose -10*g - h = -k*g. What is the tens digit of g?
6
Let f(l) = -26*l - 8. Let h be 6/(10/(-5)) - 3*3. Let k be f(h). Suppose -x - 4*v + 159 = 0, 0 = 2*x + 5*v - k + 1. What is the units digit of x?
9
Let p(o) = -o**3 - o**2 - 17*o + 21505. What is the ten thousands digit of p(0)?
2
Let j = 1907 - 105. Let g = j - 1004. What is the hundreds digit of g?
7
Suppose -105 - 5 = 22*a. Let q(n) = -3*n**3 - 7*n**2 - 2*n + 7. What is the units digit of q(a)?
7
Let d(b) = 11*b**2 + 8. Let l be (-2)/((7/(-35))/((-3)/(-6))). What is the hundreds digit of d(l)?
2
Suppose 3*c - 2*c + 34 = -2*k, 0 = -c + 2*k - 38. What is the units digit of 2*1989/c*-4?
2
Let z(l) = 203*l + 332. Suppose 0 = -4*m - 2*n + 34, m + 5*n - 2*n = 21. What is the units digit of z(m)?
0
Suppose -101945*a + 101946*a = 19771. What is the tens digit of a?
7
Let n = -98 - -91. What is the units digit of (-2958 + -3)/n - 3?
0
Let f be 2/6 + ((-968)/24)/(-11). Suppose -f*l - 4 = -16. What is the tens digit of 4 + 89/1 + l*1?
9
What is the tens digit of (-2 + -1)/(27/(-71397))?
3
Let u(y) = -527*y - 3036. What is the hundreds digit of u(-16)?
3
Suppose 2752*m - 2153382 = 2594*m. What is the ten thousands digit of m?
1
Let q(n) = -3*n**2 + 65*n - 67. Let i be q(20). Suppose i*z = 53*z - 7760. What is the tens digit of z?
8
Suppose -6*t = 913 - 481. What is the hundreds digit of (-48)/t*(1264 + -1)?
8
Let h = -18 + 18. Suppose 14 = 2*a - h*s + 2*s, a - 3*s = -13. What is the units digit of 4 + -3 + a - -87?
0
Let s(p) = 2*p**2 - 12*p - 13. Let k be s(10). Let h = -65 + k. Suppose r = 5*o + 1, -h*r - o + 47 = -2*o. What is the tens digit of r?
2
Let v(c) = -c**2 - 9*c - 10. Let m be v(-7). Suppose 0 = 7*d - m - 10. Suppose -108 = -2*o + o + 2*j, -d*o + 217 = -3*j. What is the hundreds digit of o?
1
Suppose 80*s - 70*s = 10. What is the tens digit of (-5888)/(-23)*2/(s - -1)?
5
Let w be 30/(-4) - (-14)/(-28). Let v be (-253)/(-2) - (-4)/w. Let k = v + -6. What is the tens digit of k?
2
Let n(w) = -w**3 - 3*w**2 - w - 10. Let o be n(-4). Suppose o*t - 780 = -5*t. What is the units digit of t?
2
Let m(x) = -x + 1. Let r(g) = -g**2 - g + 40. Let k(y) = m(y) - r(y). Suppose 0 = z + 2, -5*w - 4*z = 32 + 26. What is the units digit of k(w)?
1
Let w(i) = -968*i + 984. What is the tens digit of w(-17)?
4
Suppose j + 175 = 3*k - 638, -3*j - 2*k = 2417. Let t = -264 - j. What is the units digit of t?
3
Let y = 76096 + -36040. What is the thousands digit of y?
0
Let c(p) = -p**3 - 12*p**2 - 9*p - 14. Let r be c(-12). Suppose 14 + r = -4*q. What is the tens digit of q/63 - (-353)/7?
5
Let f = 709 + 1261. What is the units digit of f?
0
Let s(y) = 176*y**2 + 4*y. Suppose 2*o - 2*j = -2*o, -5*j = o + 11. What is the units digit of s(o)?
2
Let h = 154 - 152. Suppose h*m + 2824 = 4*v, 2*v - 4*v = -4*m - 1406. What is the units digit of v?
7
Let c(s) = s**3 + 43*s**2 + 57*s - 71. What is the tens digit of c(-40)?
4
Let c(u) = -273*u**3 + u**2 - 194*u - 771. What is the ten thousands digit of c(-4)?
1
Let m(b) = b**3 - 16*b**2 + 9*b + 10. Suppose 3*w = 5*y - 48 - 42, 5*y = -2*w + 65. Let i be m(y). Let h = 85 + i. What is the units digit of h?
5
Suppose 5*q - 13720 = 5*i, q = 5*i - 1755 + 4515. What is the units digit of q?
0
Let d = -35 + 4585. What is the hundreds digit of d?
5
Suppose -9*f - 4*f + 30784 = 0. Suppose 29*k + 106 = f. What is the units digit of k?
8
Let w(d) = -d**3 + 10*d**2 + 12*d - 8. Let p be w(11). Let g(c) = -7*c - 3*c + 16*c - p + 3*c**2. What is the tens digit of g(-6)?
6
Let h(v) = 2*v**2 + 42*v + 117. Suppose 4*g + 140 = -3*i, 3*g + 105 = -0*g + 5*i. What is the thousands digit of h(g)?
1
Let o be 8/36 + 87636/27. Suppose -4*v + 2586 = -2*w, 5*v - o = 2*w - 4*w. Suppose -7*s + v = -3*s. What is the units digit of s?
2
Let a be (-2 + 10/6)*-33. Suppose -7*d + a*d = 28. Suppose i = -d*i + 464. What is the tens digit of i?
5
Let y = -68 + 78. Let h be 2 + -4 + (6 - y). What is the units digit of 1/((-3)/h + 21/(-54))?
9
Let p = 4 + 0. Let w(j) = -14*j - 160. Let t be w(-44). Suppose -i + p*i = t. What is the tens digit of i?
5
Let t = 85 - 80. Suppose -t*q - 3*m = -8*q + 12, q - 4*m = 16. Suppose q = -2*j + 12 + 72. What is the units digit of j?
2
Let n be (1 + 0)/((-15)/(-630)). Let o be n/9*12/14. Suppose -3*s + o*p = -4*s + 52, p = -3*s + 123. What is the tens digit of s?
4
Suppose 2*r - 384 = -2*w, -3*r + 436 = -2*w - 105. What is the hundreds digit of r?
1
Suppose h + 33253 = 3*c, 4*c + 6*h - 44340 = 8*h. What is the ten thousands digit of c?
1
Suppose 37*b = -102*b - 6*b + 439640. What is the units